{"id":681,"date":"2025-12-03T17:09:02","date_gmt":"2025-12-03T17:09:02","guid":{"rendered":"https:\/\/alte-kelter-winnenden.de\/willkommen\/?post_type=tribe_events&#038;p=681"},"modified":"2025-12-03T17:11:23","modified_gmt":"2025-12-03T17:11:23","slug":"metrum","status":"publish","type":"tribe_events","link":"https:\/\/alte-kelter-winnenden.de\/willkommen\/event\/metrum\/","title":{"rendered":"Metrum"},"content":{"rendered":"<h4>swingender Big Band Jazz<\/h4>\n<p>Allj\u00e4hrlich pr\u00e4sentiert sich die &#8211; nun 62 j\u00e4hrige &#8211; Metrum Big Band in der alten Kelter, frischer denn jeh!<\/p>\n<p>Das Programm beinhaltet Neues und Altes, Originalarrangements und neuere Bearbeitungen bekannter und weniger bekannter Titel der goldenen Big Band \u00c4ra.<\/p>\n<p>Es featured unsere Solisten, sowie unsere S\u00e4ngerin Patrizia Sensale.<\/p>\n<p>Die Metrum Big Band freut sich auf Ihr Kommen!<\/p>\n<h5><strong>Die aktuelle Besetzung:<\/strong><\/h5>\n<p>Martin Keller, Leitung, Saxophon Patrizia Sensale, voc<\/p>\n<p>Trompeten: Lukas Nonnenmann, Benedikt Kasprik, Olaf Sch\u00e4fer, Vera R\u00f6hlich, Richard Ruckgaber<\/p>\n<p>Saxes: Frederick Horn, Wilfried Sator, Magnus Schlam, Petra Zirkel, Stefan Windisch<\/p>\n<p>Posaunen: Tilman Schaal, Ralf Langer, Rudi Klink<\/p>\n<p>Rhythmusgruppe: Elisa Fl\u00f6\u00df: p Hans-Peter Z\u00fcfle: g Helmut Siegle: b Armin Fischer: dr<\/p>\n","protected":false},"excerpt":{"rendered":"<p>swingender Big Band Jazz Allj\u00e4hrlich pr\u00e4sentiert sich die &#8211; nun 62 j\u00e4hrige &#8211; Metrum Big Band in der alten Kelter, frischer denn jeh! Das Programm beinhaltet Neues und Altes, Originalarrangements [&hellip;]<\/p>\n","protected":false},"author":3,"featured_media":223,"template":"","meta":{"_EventAllDay":false,"_EventTimezone":"UTC+0","_EventStartDate":"2026-03-22 11:00:00","_EventEndDate":"2026-03-22 13:30:00","_EventStartDateUTC":"2026-03-22 11:00:00","_EventEndDateUTC":"2026-03-22 13:30:00","_EventShowMap":false,"_EventShowMapLink":true,"_EventURL":"","_EventCost":"15","_EventCostDescription":"","_EventCurrencySymbol":"\u20ac","_EventCurrencyCode":"EUR","_EventCurrencyPosition":"prefix","_EventDateTimeSeparator":"","_EventTimeRangeSeparator":"","_EventOrganizerID":[630],"_EventVenueID":[532],"_OrganizerEmail":"","_OrganizerPhone":"","_OrganizerWebsite":"","_VenueAddress":"","_VenueCity":"","_VenueCountry":"","_VenueProvince":"","_VenueState":"","_VenueZip":"","_VenuePhone":"","_VenueURL":"","_VenueStateProvince":"","_VenueLat":"","_VenueLng":"","_VenueShowMap":false,"_VenueShowMapLink":false,"_tribe_blocks_recurrence_rules":"","_tribe_blocks_recurrence_description":"","_tribe_blocks_recurrence_exclusions":"","_tribe_events_status":"","_tribe_events_status_reason":"","_tribe_events_is_hybrid":"","_tribe_events_is_virtual":"","_tribe_events_virtual_video_source":"","_tribe_events_virtual_embed_video":"","_tribe_events_virtual_linked_button_text":"","_tribe_events_virtual_linked_button":"","_tribe_events_virtual_show_embed_at":"","_tribe_events_virtual_show_embed_to":[],"_tribe_events_virtual_show_on_event":"","_tribe_events_virtual_show_on_views":"","_tribe_events_virtual_url":"","footnotes":""},"tags":[],"tribe_events_cat":[19],"class_list":["post-681","tribe_events","type-tribe_events","status-publish","has-post-thumbnail","hentry","tribe_events_cat-jazz-matinee","cat_jazz-matinee"],"_links":{"self":[{"href":"https:\/\/alte-kelter-winnenden.de\/willkommen\/wp-json\/wp\/v2\/tribe_events\/681","targetHints":{"allow":["GET"]}}],"collection":[{"href":"https:\/\/alte-kelter-winnenden.de\/willkommen\/wp-json\/wp\/v2\/tribe_events"}],"about":[{"href":"https:\/\/alte-kelter-winnenden.de\/willkommen\/wp-json\/wp\/v2\/types\/tribe_events"}],"author":[{"embeddable":true,"href":"https:\/\/alte-kelter-winnenden.de\/willkommen\/wp-json\/wp\/v2\/users\/3"}],"version-history":[{"count":1,"href":"https:\/\/alte-kelter-winnenden.de\/willkommen\/wp-json\/wp\/v2\/tribe_events\/681\/revisions"}],"predecessor-version":[{"id":682,"href":"https:\/\/alte-kelter-winnenden.de\/willkommen\/wp-json\/wp\/v2\/tribe_events\/681\/revisions\/682"}],"wp:featuredmedia":[{"embeddable":true,"href":"https:\/\/alte-kelter-winnenden.de\/willkommen\/wp-json\/wp\/v2\/media\/223"}],"wp:attachment":[{"href":"https:\/\/alte-kelter-winnenden.de\/willkommen\/wp-json\/wp\/v2\/media?parent=681"}],"wp:term":[{"taxonomy":"post_tag","embeddable":true,"href":"https:\/\/alte-kelter-winnenden.de\/willkommen\/wp-json\/wp\/v2\/tags?post=681"},{"taxonomy":"tribe_events_cat","embeddable":true,"href":"https:\/\/alte-kelter-winnenden.de\/willkommen\/wp-json\/wp\/v2\/tribe_events_cat?post=681"}],"curies":[{"name":"wp","href":"https:\/\/api.w.org\/{rel}","templated":true}]}}

<h4>swingender Big Band Jazz</h4>
<p>Alljährlich präsentiert sich die &#8211; nun 62 jährige &#8211; Metrum Big Band in der alten Kelter, frischer denn jeh!</p>
<p>Das Programm beinhaltet Neues und Altes, Originalarrangements und neuere Bearbeitungen bekannter und weniger bekannter Titel der goldenen Big Band Ära.</p>
<p>Es featured unsere Solisten, sowie unsere Sängerin Patrizia Sensale.</p>
<p>Die Metrum Big Band freut sich auf Ihr Kommen!</p>
<h5><strong>Die aktuelle Besetzung:</strong></h5>
<p>Martin Keller, Leitung, Saxophon Patrizia Sensale, voc</p>
<p>Trompeten: Lukas Nonnenmann, Benedikt Kasprik, Olaf Schäfer, Vera Röhlich, Richard Ruckgaber</p>
<p>Saxes: Frederick Horn, Wilfried Sator, Magnus Schlam, Petra Zirkel, Stefan Windisch</p>
<p>Posaunen: Tilman Schaal, Ralf Langer, Rudi Klink</p>
<p>Rhythmusgruppe: Elisa Flöß: p Hans-Peter Züfle: g Helmut Siegle: b Armin Fischer: dr</p>

<p>swingender Big Band Jazz Alljährlich präsentiert sich die &#8211; nun 62 jährige &#8211; Metrum Big Band in der alten Kelter, frischer denn jeh! Das Programm beinhaltet Neues und Altes, Originalarrangements [&hellip;]</p>
