{"id":673,"date":"2025-12-03T16:31:33","date_gmt":"2025-12-03T16:31:33","guid":{"rendered":"https:\/\/alte-kelter-winnenden.de\/willkommen\/?post_type=tribe_events&#038;p=673"},"modified":"2026-02-10T19:37:26","modified_gmt":"2026-02-10T19:37:26","slug":"jour-fixe-nor-duo","status":"publish","type":"tribe_events","link":"https:\/\/alte-kelter-winnenden.de\/willkommen\/event\/jour-fixe-nor-duo\/","title":{"rendered":"Jour Fixe: Nor Duo"},"content":{"rendered":"<h5>Die Gitarristen Areg Hakobyan und Stephan K\u00f6rner lernten sich w\u00e4hrend ihrer<br \/>\ngemeinsamen Studienzeit in Stuttgart kennen. Danach trennten sich ihre Wege<br \/>\nzun\u00e4chst, doch im Herbst 2023 f\u00fchrte eine eher zuf\u00e4llige Begegnung sie wieder<br \/>\nzusammen und sie beschlossen, ein Gitarrenduo zu gr\u00fcnden.<br \/>\n\u201eNor\u201c bedeutet \u201eneu\u201c auf armenisch und steht daf\u00fcr, neue musikalische Wege<br \/>\nzu gehen. Das k\u00fcnstlerische Bestreben der beiden ist es, Werke aus dem<br \/>\nriesigen \u0152uvre f\u00fcr Klavier- und Tastenmusik auf zwei Gitarren neu erklingen zu<br \/>\nlassen.<br \/>\nNeben der Interpretation bestehender Arrangements ist das Duo stets auf der<br \/>\nSuche nach neuen Werken, die sie f\u00fcr ihre Instrumente bearbeiten k\u00f6nnen.<br \/>\nBei diesem Prozess wird eine Partitur St\u00fcck f\u00fcr St\u00fcck in die Klangsprache der<br \/>\nGitarre \u00fcbersetzt, bis letztlich etwas Neues entstanden ist. Ihr Repertoire<br \/>\nreicht von filigraner Barockmusik \u00fcber die emotionale Tiefe der Romantik bis<br \/>\nhin zu den farbenreichen Kl\u00e4ngen traditioneller armenischer Volksmusik.<br \/>\nDabei \u00fcberzeugen die beiden gleicherma\u00dfen durch technische Pr\u00e4zision sowie<br \/>\ndurch ihre gro\u00dfe kammermusikalische Sensibilit\u00e4t.<br \/>\nIm st\u00e4ndigen Wechselspiel von Wahrnehmung, Aktion und Reaktion bleibt<br \/>\nselbst im Moment des Musizierens immer noch Raum f\u00fcr Neues<\/h5>\n","protected":false},"excerpt":{"rendered":"<p>Die Gitarristen Areg Hakobyan und Stephan K\u00f6rner lernten sich w\u00e4hrend ihrer gemeinsamen Studienzeit in Stuttgart kennen. Danach trennten sich ihre Wege zun\u00e4chst, doch im Herbst 2023 f\u00fchrte eine eher zuf\u00e4llige [&hellip;]<\/p>\n","protected":false},"author":3,"featured_media":764,"template":"","meta":{"_EventAllDay":false,"_EventTimezone":"UTC+0","_EventStartDate":"2026-03-01 17:00:00","_EventEndDate":"2026-03-01 18:00:00","_EventStartDateUTC":"2026-03-01 17:00:00","_EventEndDateUTC":"2026-03-01 18:00:00","_EventShowMap":false,"_EventShowMapLink":true,"_EventURL":"","_EventCost":"Entritt frei","_EventCostDescription":"","_EventCurrencySymbol":"\u20ac","_EventCurrencyCode":"EUR","_EventCurrencyPosition":"prefix","_EventDateTimeSeparator":"","_EventTimeRangeSeparator":"","_EventOrganizerID":[630],"_EventVenueID":[532],"_OrganizerEmail":"","_OrganizerPhone":"","_OrganizerWebsite":"","_VenueAddress":"","_VenueCity":"","_VenueCountry":"","_VenueProvince":"","_VenueState":"","_VenueZip":"","_VenuePhone":"","_VenueURL":"","_VenueStateProvince":"","_VenueLat":"","_VenueLng":"","_VenueShowMap":false,"_VenueShowMapLink":false,"_tribe_blocks_recurrence_rules":"","_tribe_blocks_recurrence_description":"","_tribe_blocks_recurrence_exclusions":"","_tribe_events_status":"","_tribe_events_status_reason":"","_tribe_events_is_hybrid":"","_tribe_events_is_virtual":"","_tribe_events_virtual_video_source":"","_tribe_events_virtual_embed_video":"","_tribe_events_virtual_linked_button_text":"","_tribe_events_virtual_linked_button":"","_tribe_events_virtual_show_embed_at":"","_tribe_events_virtual_show_embed_to":[],"_tribe_events_virtual_show_on_event":"","_tribe_events_virtual_show_on_views":"","_tribe_events_virtual_url":"","footnotes":""},"tags":[],"tribe_events_cat":[20],"class_list":["post-673","tribe_events","type-tribe_events","status-publish","has-post-thumbnail","hentry","tribe_events_cat-jour-fixe","cat_jour-fixe"],"_links":{"self":[{"href":"https:\/\/alte-kelter-winnenden.de\/willkommen\/wp-json\/wp\/v2\/tribe_events\/673","targetHints":{"allow":["GET"]}}],"collection":[{"href":"https:\/\/alte-kelter-winnenden.de\/willkommen\/wp-json\/wp\/v2\/tribe_events"}],"about":[{"href":"https:\/\/alte-kelter-winnenden.de\/willkommen\/wp-json\/wp\/v2\/types\/tribe_events"}],"author":[{"embeddable":true,"href":"https:\/\/alte-kelter-winnenden.de\/willkommen\/wp-json\/wp\/v2\/users\/3"}],"version-history":[{"count":3,"href":"https:\/\/alte-kelter-winnenden.de\/willkommen\/wp-json\/wp\/v2\/tribe_events\/673\/revisions"}],"predecessor-version":[{"id":766,"href":"https:\/\/alte-kelter-winnenden.de\/willkommen\/wp-json\/wp\/v2\/tribe_events\/673\/revisions\/766"}],"wp:featuredmedia":[{"embeddable":true,"href":"https:\/\/alte-kelter-winnenden.de\/willkommen\/wp-json\/wp\/v2\/media\/764"}],"wp:attachment":[{"href":"https:\/\/alte-kelter-winnenden.de\/willkommen\/wp-json\/wp\/v2\/media?parent=673"}],"wp:term":[{"taxonomy":"post_tag","embeddable":true,"href":"https:\/\/alte-kelter-winnenden.de\/willkommen\/wp-json\/wp\/v2\/tags?post=673"},{"taxonomy":"tribe_events_cat","embeddable":true,"href":"https:\/\/alte-kelter-winnenden.de\/willkommen\/wp-json\/wp\/v2\/tribe_events_cat?post=673"}],"curies":[{"name":"wp","href":"https:\/\/api.w.org\/{rel}","templated":true}]}}

<h5>Die Gitarristen Areg Hakobyan und Stephan Körner lernten sich während ihrer<br />
gemeinsamen Studienzeit in Stuttgart kennen. Danach trennten sich ihre Wege<br />
zunächst, doch im Herbst 2023 führte eine eher zufällige Begegnung sie wieder<br />
zusammen und sie beschlossen, ein Gitarrenduo zu gründen.<br />
„Nor“ bedeutet „neu“ auf armenisch und steht dafür, neue musikalische Wege<br />
zu gehen. Das künstlerische Bestreben der beiden ist es, Werke aus dem<br />
riesigen Œuvre für Klavier- und Tastenmusik auf zwei Gitarren neu erklingen zu<br />
lassen.<br />
Neben der Interpretation bestehender Arrangements ist das Duo stets auf der<br />
Suche nach neuen Werken, die sie für ihre Instrumente bearbeiten können.<br />
Bei diesem Prozess wird eine Partitur Stück für Stück in die Klangsprache der<br />
Gitarre übersetzt, bis letztlich etwas Neues entstanden ist. Ihr Repertoire<br />
reicht von filigraner Barockmusik über die emotionale Tiefe der Romantik bis<br />
hin zu den farbenreichen Klängen traditioneller armenischer Volksmusik.<br />
Dabei überzeugen die beiden gleichermaßen durch technische Präzision sowie<br />
durch ihre große kammermusikalische Sensibilität.<br />
Im ständigen Wechselspiel von Wahrnehmung, Aktion und Reaktion bleibt<br />
selbst im Moment des Musizierens immer noch Raum für Neues</h5>

<p>Die Gitarristen Areg Hakobyan und Stephan Körner lernten sich während ihrer gemeinsamen Studienzeit in Stuttgart kennen. Danach trennten sich ihre Wege zunächst, doch im Herbst 2023 führte eine eher zufällige [&hellip;]</p>
