{"id":615,"date":"2025-10-17T17:21:25","date_gmt":"2025-10-17T17:21:25","guid":{"rendered":"https:\/\/alte-kelter-winnenden.de\/willkommen\/?page_id=615"},"modified":"2025-12-31T10:24:16","modified_gmt":"2025-12-31T10:24:16","slug":"deutschtraining","status":"publish","type":"page","link":"https:\/\/alte-kelter-winnenden.de\/willkommen\/deutschtraining\/","title":{"rendered":"Deutschtraining"},"content":{"rendered":"\n<p>Der F\u00f6rderverein Alte Kelter e.V. bietet seit 2015 sogenanntes &#8222;Deutschtraining&#8220; f\u00fcr gefl\u00fcchtete, herzugezogene und eingewanderte Menschen aus aller Welt an. Es ist immer eine offene Gruppe erwachsener Personen, die in ihrer Muttersprache lesen und schreiben k\u00f6nnen und nun mit viel Motivation und Eigenverantwortung Deutsch lernen wollen.<br>Im &#8222;Deutschtraining&#8220; wird darauf geachtet, dass jede Person entsprechend Ihrer Sprachkompetenz von den beiden Lehrerinnen begleitet wird. Das aktive Sprechen, das kreative Schreiben und der lebendige situative Austausch sind Merkmale des Unterrichts.<br>F\u00fcr individuelles Lernen steht eine F\u00fclle an diversen Materialien zur Verf\u00fcgung. Lernfortschritte sind in erste Linie auf die Motivation der freiwillig teilnehmenden Personen zur\u00fcckzuf\u00fchren.<br>Im &#8222;Deutschtraining&#8220; gibt es keine Tests, keine Pr\u00fcfungen, keine Zertifikate. Der Unterricht ist kostenlos. Die Lehrerinnen arbeiten ehrenamtlich. <\/p>\n\n\n\n<p><strong>NEU:<\/strong><\/p>\n\n\n\n<p><em>Termine sind w\u00f6chentlich am Mittwoch und Donnerstag von 9.30 bis 11.30 Uhr in der Alten Kelter, Winnenden, \u00a0Paulinenstra\u00dfe 33. <\/em><\/p>\n\n\n\n<p><em>In den Schulferien findet kein Deutschtraining statt. <\/em><\/p>\n\n\n\n<p><em>Eventuelle Anfragen bitte an Christa Weeger<\/em>: <em>Tel. 07195\/ 62427.<\/em><\/p>\n\n\n\n<p><br><\/p>\n\n\n\n<p><\/p>\n","protected":false},"excerpt":{"rendered":"<p>Der F\u00f6rderverein Alte Kelter e.V. bietet seit 2015 sogenanntes &#8222;Deutschtraining&#8220; f\u00fcr gefl\u00fcchtete, herzugezogene und eingewanderte Menschen aus aller Welt an. Es ist immer eine offene Gruppe erwachsener Personen, die in [&hellip;]<\/p>\n","protected":false},"author":3,"featured_media":0,"parent":0,"menu_order":0,"comment_status":"closed","ping_status":"closed","template":"","meta":{"_EventAllDay":false,"_EventTimezone":"","_EventStartDate":"","_EventEndDate":"","_EventStartDateUTC":"","_EventEndDateUTC":"","_EventShowMap":false,"_EventShowMapLink":false,"_EventURL":"","_EventCost":"","_EventCostDescription":"","_EventCurrencySymbol":"","_EventCurrencyCode":"","_EventCurrencyPosition":"","_EventDateTimeSeparator":"","_EventTimeRangeSeparator":"","_EventOrganizerID":[],"_EventVenueID":[],"_OrganizerEmail":"","_OrganizerPhone":"","_OrganizerWebsite":"","_VenueAddress":"","_VenueCity":"","_VenueCountry":"","_VenueProvince":"","_VenueState":"","_VenueZip":"","_VenuePhone":"","_VenueURL":"","_VenueStateProvince":"","_VenueLat":"","_VenueLng":"","_VenueShowMap":false,"_VenueShowMapLink":false,"_tribe_blocks_recurrence_rules":"","_tribe_blocks_recurrence_description":"","_tribe_blocks_recurrence_exclusions":"","footnotes":""},"class_list":["post-615","page","type-page","status-publish","hentry"],"_links":{"self":[{"href":"https:\/\/alte-kelter-winnenden.de\/willkommen\/wp-json\/wp\/v2\/pages\/615","targetHints":{"allow":["GET"]}}],"collection":[{"href":"https:\/\/alte-kelter-winnenden.de\/willkommen\/wp-json\/wp\/v2\/pages"}],"about":[{"href":"https:\/\/alte-kelter-winnenden.de\/willkommen\/wp-json\/wp\/v2\/types\/page"}],"author":[{"embeddable":true,"href":"https:\/\/alte-kelter-winnenden.de\/willkommen\/wp-json\/wp\/v2\/users\/3"}],"replies":[{"embeddable":true,"href":"https:\/\/alte-kelter-winnenden.de\/willkommen\/wp-json\/wp\/v2\/comments?post=615"}],"version-history":[{"count":4,"href":"https:\/\/alte-kelter-winnenden.de\/willkommen\/wp-json\/wp\/v2\/pages\/615\/revisions"}],"predecessor-version":[{"id":745,"href":"https:\/\/alte-kelter-winnenden.de\/willkommen\/wp-json\/wp\/v2\/pages\/615\/revisions\/745"}],"wp:attachment":[{"href":"https:\/\/alte-kelter-winnenden.de\/willkommen\/wp-json\/wp\/v2\/media?parent=615"}],"curies":[{"name":"wp","href":"https:\/\/api.w.org\/{rel}","templated":true}]}}

<p>Der Förderverein Alte Kelter e.V. bietet seit 2015 sogenanntes &#8222;Deutschtraining&#8220; für geflüchtete, herzugezogene und eingewanderte Menschen aus aller Welt an. Es ist immer eine offene Gruppe erwachsener Personen, die in ihrer Muttersprache lesen und schreiben können und nun mit viel Motivation und Eigenverantwortung Deutsch lernen wollen.<br>Im &#8222;Deutschtraining&#8220; wird darauf geachtet, dass jede Person entsprechend Ihrer Sprachkompetenz von den beiden Lehrerinnen begleitet wird. Das aktive Sprechen, das kreative Schreiben und der lebendige situative Austausch sind Merkmale des Unterrichts.<br>Für individuelles Lernen steht eine Fülle an diversen Materialien zur Verfügung. Lernfortschritte sind in erste Linie auf die Motivation der freiwillig teilnehmenden Personen zurückzuführen.<br>Im &#8222;Deutschtraining&#8220; gibt es keine Tests, keine Prüfungen, keine Zertifikate. Der Unterricht ist kostenlos. Die Lehrerinnen arbeiten ehrenamtlich. </p>



<p><strong>NEU:</strong></p>



<p><em>Termine sind wöchentlich am Mittwoch und Donnerstag von 9.30 bis 11.30 Uhr in der Alten Kelter, Winnenden,  Paulinenstraße 33. </em></p>



<p><em>In den Schulferien findet kein Deutschtraining statt. </em></p>



<p><em>Eventuelle Anfragen bitte an Christa Weeger</em>: <em>Tel. 07195/ 62427.</em></p>



<p><br></p>



<p></p>

<p>Der Förderverein Alte Kelter e.V. bietet seit 2015 sogenanntes &#8222;Deutschtraining&#8220; für geflüchtete, herzugezogene und eingewanderte Menschen aus aller Welt an. Es ist immer eine offene Gruppe erwachsener Personen, die in [&hellip;]</p>
